{"id":357,"date":"2024-03-04T15:04:39","date_gmt":"2024-03-04T14:04:39","guid":{"rendered":"https:\/\/studioicaro.neuromed.it\/?page_id=357"},"modified":"2024-05-13T13:12:16","modified_gmt":"2024-05-13T11:12:16","slug":"notizie","status":"publish","type":"page","link":"https:\/\/studioicaro.neuromed.it\/index.php\/notizie\/","title":{"rendered":"Notizie"},"content":{"rendered":"\t\t<div data-elementor-type=\"wp-page\" data-elementor-id=\"357\" class=\"elementor elementor-357\" data-elementor-post-type=\"page\">\n\t\t\t\t<div class=\"elementor-element elementor-element-d1026b4 e-flex e-con-boxed e-con e-parent\" data-id=\"d1026b4\" data-element_type=\"container\" data-settings=\"{&quot;content_width&quot;:&quot;boxed&quot;}\" data-core-v316-plus=\"true\">\n\t\t\t\t\t<div class=\"e-con-inner\">\n\t\t\t\t<div class=\"elementor-element elementor-element-a40f4ff elementor-widget elementor-widget-image\" data-id=\"a40f4ff\" data-element_type=\"widget\" data-widget_type=\"image.default\">\n\t\t\t\t<div class=\"elementor-widget-container\">\n\t\t\t<style>\/*! elementor - v3.19.0 - 05-02-2024 *\/\n.elementor-widget-image{text-align:center}.elementor-widget-image a{display:inline-block}.elementor-widget-image a img[src$=\".svg\"]{width:48px}.elementor-widget-image img{vertical-align:middle;display:inline-block}<\/style>\t\t\t\t\t\t\t\t\t\t<img fetchpriority=\"high\" decoding=\"async\" width=\"1792\" height=\"806\" src=\"https:\/\/studioicaro.neuromed.it\/wp-content\/uploads\/2024\/02\/headerfinale4.png\" class=\"attachment-full size-full wp-image-308\" alt=\"\" srcset=\"https:\/\/studioicaro.neuromed.it\/wp-content\/uploads\/2024\/02\/headerfinale4.png 1792w, https:\/\/studioicaro.neuromed.it\/wp-content\/uploads\/2024\/02\/headerfinale4-300x135.png 300w, https:\/\/studioicaro.neuromed.it\/wp-content\/uploads\/2024\/02\/headerfinale4-1024x461.png 1024w, https:\/\/studioicaro.neuromed.it\/wp-content\/uploads\/2024\/02\/headerfinale4-768x345.png 768w, https:\/\/studioicaro.neuromed.it\/wp-content\/uploads\/2024\/02\/headerfinale4-1536x691.png 1536w\" sizes=\"(max-width: 1792px) 100vw, 1792px\" \/>\t\t\t\t\t\t\t\t\t\t\t\t\t<\/div>\n\t\t\t\t<\/div>\n\t\t\t\t\t<\/div>\n\t\t\t\t<\/div>\n\t\t<div class=\"elementor-element elementor-element-fb87b70 e-flex e-con-boxed e-con e-parent\" data-id=\"fb87b70\" data-element_type=\"container\" data-settings=\"{&quot;content_width&quot;:&quot;boxed&quot;}\" data-core-v316-plus=\"true\">\n\t\t\t\t\t<div class=\"e-con-inner\">\n\t\t\t\t<div class=\"elementor-element elementor-element-2963e33 elementor-widget elementor-widget-heading\" data-id=\"2963e33\" data-element_type=\"widget\" data-widget_type=\"heading.default\">\n\t\t\t\t<div class=\"elementor-widget-container\">\n\t\t\t<style>\/*! elementor - v3.19.0 - 05-02-2024 *\/\n.elementor-heading-title{padding:0;margin:0;line-height:1}.elementor-widget-heading .elementor-heading-title[class*=elementor-size-]>a{color:inherit;font-size:inherit;line-height:inherit}.elementor-widget-heading .elementor-heading-title.elementor-size-small{font-size:15px}.elementor-widget-heading .elementor-heading-title.elementor-size-medium{font-size:19px}.elementor-widget-heading .elementor-heading-title.elementor-size-large{font-size:29px}.elementor-widget-heading .elementor-heading-title.elementor-size-xl{font-size:39px}.elementor-widget-heading .elementor-heading-title.elementor-size-xxl{font-size:59px}<\/style><h2 class=\"elementor-heading-title elementor-size-default\">Ultime notizie....<\/h2>\t\t<\/div>\n\t\t\t\t<\/div>\n\t\t\t\t\t<\/div>\n\t\t\t\t<\/div>\n\t\t<div class=\"elementor-element elementor-element-23ad16c e-flex e-con-boxed e-con e-parent\" data-id=\"23ad16c\" data-element_type=\"container\" data-settings=\"{&quot;content_width&quot;:&quot;boxed&quot;}\" data-core-v316-plus=\"true\">\n\t\t\t\t\t<div class=\"e-con-inner\">\n\t\t\t\t<div class=\"elementor-element elementor-element-7ceb233 elementor-widget elementor-widget-spacer\" data-id=\"7ceb233\" data-element_type=\"widget\" data-widget_type=\"spacer.default\">\n\t\t\t\t<div class=\"elementor-widget-container\">\n\t\t\t<style>\/*! elementor - v3.19.0 - 05-02-2024 *\/\n.elementor-column .elementor-spacer-inner{height:var(--spacer-size)}.e-con{--container-widget-width:100%}.e-con-inner>.elementor-widget-spacer,.e-con>.elementor-widget-spacer{width:var(--container-widget-width,var(--spacer-size));--align-self:var(--container-widget-align-self,initial);--flex-shrink:0}.e-con-inner>.elementor-widget-spacer>.elementor-widget-container,.e-con>.elementor-widget-spacer>.elementor-widget-container{height:100%;width:100%}.e-con-inner>.elementor-widget-spacer>.elementor-widget-container>.elementor-spacer,.e-con>.elementor-widget-spacer>.elementor-widget-container>.elementor-spacer{height:100%}.e-con-inner>.elementor-widget-spacer>.elementor-widget-container>.elementor-spacer>.elementor-spacer-inner,.e-con>.elementor-widget-spacer>.elementor-widget-container>.elementor-spacer>.elementor-spacer-inner{height:var(--container-widget-height,var(--spacer-size))}.e-con-inner>.elementor-widget-spacer.elementor-widget-empty,.e-con>.elementor-widget-spacer.elementor-widget-empty{position:relative;min-height:22px;min-width:22px}.e-con-inner>.elementor-widget-spacer.elementor-widget-empty .elementor-widget-empty-icon,.e-con>.elementor-widget-spacer.elementor-widget-empty .elementor-widget-empty-icon{position:absolute;top:0;bottom:0;left:0;right:0;margin:auto;padding:0;width:22px;height:22px}<\/style>\t\t<div class=\"elementor-spacer\">\n\t\t\t<div class=\"elementor-spacer-inner\"><\/div>\n\t\t<\/div>\n\t\t\t\t<\/div>\n\t\t\t\t<\/div>\n\t\t\t\t\t<\/div>\n\t\t\t\t<\/div>\n\t\t<div class=\"elementor-element elementor-element-c385f9d e-flex e-con-boxed e-con e-parent\" data-id=\"c385f9d\" data-element_type=\"container\" data-settings=\"{&quot;content_width&quot;:&quot;boxed&quot;}\" data-core-v316-plus=\"true\">\n\t\t\t\t\t<div class=\"e-con-inner\">\n\t\t\t\t<div class=\"elementor-element elementor-element-2d32e17 elementor-grid-3 elementor-grid-tablet-2 elementor-grid-mobile-1 elementor-posts--thumbnail-top elementor-widget elementor-widget-posts\" data-id=\"2d32e17\" data-element_type=\"widget\" data-settings=\"{&quot;pagination_type&quot;:&quot;prev_next&quot;,&quot;classic_columns&quot;:&quot;3&quot;,&quot;classic_columns_tablet&quot;:&quot;2&quot;,&quot;classic_columns_mobile&quot;:&quot;1&quot;,&quot;classic_row_gap&quot;:{&quot;unit&quot;:&quot;px&quot;,&quot;size&quot;:35,&quot;sizes&quot;:[]},&quot;classic_row_gap_tablet&quot;:{&quot;unit&quot;:&quot;px&quot;,&quot;size&quot;:&quot;&quot;,&quot;sizes&quot;:[]},&quot;classic_row_gap_mobile&quot;:{&quot;unit&quot;:&quot;px&quot;,&quot;size&quot;:&quot;&quot;,&quot;sizes&quot;:[]}}\" data-widget_type=\"posts.classic\">\n\t\t\t\t<div class=\"elementor-widget-container\">\n\t\t\t<link rel=\"stylesheet\" href=\"https:\/\/studioicaro.neuromed.it\/wp-content\/plugins\/elementor-pro\/assets\/css\/widget-posts.min.css\">\t\t<div class=\"elementor-posts-container elementor-posts elementor-posts--skin-classic elementor-grid\">\n\t\t\t\t<article class=\"elementor-post elementor-grid-item post-483 post type-post status-publish format-standard has-post-thumbnail hentry category-senza-categoria\">\n\t\t\t\t<a class=\"elementor-post__thumbnail__link\" href=\"https:\/\/studioicaro.neuromed.it\/index.php\/2024\/06\/12\/presentato-il-progetto-icaro\/\" tabindex=\"-1\" >\n\t\t\t<div class=\"elementor-post__thumbnail\"><img decoding=\"async\" width=\"719\" height=\"720\" src=\"https:\/\/studioicaro.neuromed.it\/wp-content\/uploads\/2024\/06\/Di-Costanzo_SINU-2-e1718200531597.jpeg\" class=\"attachment-medium_large size-medium_large wp-image-489\" alt=\"\" srcset=\"https:\/\/studioicaro.neuromed.it\/wp-content\/uploads\/2024\/06\/Di-Costanzo_SINU-2-e1718200531597.jpeg 719w, https:\/\/studioicaro.neuromed.it\/wp-content\/uploads\/2024\/06\/Di-Costanzo_SINU-2-e1718200531597-300x300.jpeg 300w, https:\/\/studioicaro.neuromed.it\/wp-content\/uploads\/2024\/06\/Di-Costanzo_SINU-2-e1718200531597-150x150.jpeg 150w\" sizes=\"(max-width: 719px) 100vw, 719px\" \/><\/div>\n\t\t<\/a>\n\t\t\t\t<div class=\"elementor-post__text\">\n\t\t\t\t<h1 class=\"elementor-post__title\">\n\t\t\t<a href=\"https:\/\/studioicaro.neuromed.it\/index.php\/2024\/06\/12\/presentato-il-progetto-icaro\/\" >\n\t\t\t\tPresentato il progetto ICARO\t\t\t<\/a>\n\t\t<\/h1>\n\t\t\t\t<div class=\"elementor-post__meta-data\">\n\t\t\t\t\t<span class=\"elementor-post-date\">\n\t\t\t12 Giugno 2024\t\t<\/span>\n\t\t\t\t<span class=\"elementor-post-avatar\">\n\t\t\tNessun commento\t\t<\/span>\n\t\t\t\t<\/div>\n\t\t\t\t<div class=\"elementor-post__excerpt\">\n\t\t\t<p>Presentato a Salerno lo studio ICARO. Giuseppe Di Costanzo<\/p>\n\t\t<\/div>\n\t\t\n\t\t<a class=\"elementor-post__read-more\" href=\"https:\/\/studioicaro.neuromed.it\/index.php\/2024\/06\/12\/presentato-il-progetto-icaro\/\" aria-label=\"Read more about Presentato il progetto ICARO\" tabindex=\"-1\" >\n\t\t\tLeggi Tutto \u00bb\t\t<\/a>\n\n\t\t\t\t<\/div>\n\t\t\t\t<\/article>\n\t\t\t\t<article class=\"elementor-post elementor-grid-item post-382 post type-post status-publish format-standard has-post-thumbnail hentry category-newsicaro\">\n\t\t\t\t<a class=\"elementor-post__thumbnail__link\" href=\"https:\/\/studioicaro.neuromed.it\/index.php\/2024\/03\/15\/articolo-di-prova\/\" tabindex=\"-1\" >\n\t\t\t<div class=\"elementor-post__thumbnail\"><img decoding=\"async\" width=\"768\" height=\"768\" src=\"https:\/\/studioicaro.neuromed.it\/wp-content\/uploads\/2024\/02\/famigliaobiettivi-768x768.png\" class=\"attachment-medium_large size-medium_large wp-image-312\" alt=\"\" srcset=\"https:\/\/studioicaro.neuromed.it\/wp-content\/uploads\/2024\/02\/famigliaobiettivi-768x768.png 768w, https:\/\/studioicaro.neuromed.it\/wp-content\/uploads\/2024\/02\/famigliaobiettivi-300x300.png 300w, https:\/\/studioicaro.neuromed.it\/wp-content\/uploads\/2024\/02\/famigliaobiettivi-150x150.png 150w, https:\/\/studioicaro.neuromed.it\/wp-content\/uploads\/2024\/02\/famigliaobiettivi.png 1024w\" sizes=\"(max-width: 768px) 100vw, 768px\" \/><\/div>\n\t\t<\/a>\n\t\t\t\t<div class=\"elementor-post__text\">\n\t\t\t\t<h1 class=\"elementor-post__title\">\n\t\t\t<a href=\"https:\/\/studioicaro.neuromed.it\/index.php\/2024\/03\/15\/articolo-di-prova\/\" >\n\t\t\t\tArticolo di prova\t\t\t<\/a>\n\t\t<\/h1>\n\t\t\t\t<div class=\"elementor-post__meta-data\">\n\t\t\t\t\t<span class=\"elementor-post-date\">\n\t\t\t15 Marzo 2024\t\t<\/span>\n\t\t\t\t<span class=\"elementor-post-avatar\">\n\t\t\tNessun commento\t\t<\/span>\n\t\t\t\t<\/div>\n\t\t\t\t<div class=\"elementor-post__excerpt\">\n\t\t\t<p>Cos\u2019\u00e8 Lorem Ipsum? Lorem Ipsum&nbsp;\u00e8 un testo segnaposto utilizzato nel settore della tipografia e della stampa. Lorem Ipsum \u00e8 considerato il testo segnaposto standard sin<\/p>\n\t\t<\/div>\n\t\t\n\t\t<a class=\"elementor-post__read-more\" href=\"https:\/\/studioicaro.neuromed.it\/index.php\/2024\/03\/15\/articolo-di-prova\/\" aria-label=\"Read more about Articolo di prova\" tabindex=\"-1\" >\n\t\t\tLeggi Tutto \u00bb\t\t<\/a>\n\n\t\t\t\t<\/div>\n\t\t\t\t<\/article>\n\t\t\t\t<article class=\"elementor-post elementor-grid-item post-368 post type-post status-publish format-standard has-post-thumbnail hentry category-senza-categoria\">\n\t\t\t\t<a class=\"elementor-post__thumbnail__link\" href=\"https:\/\/studioicaro.neuromed.it\/index.php\/2024\/03\/04\/secondo-post\/\" tabindex=\"-1\" >\n\t\t\t<div class=\"elementor-post__thumbnail\"><img loading=\"lazy\" decoding=\"async\" width=\"768\" height=\"562\" src=\"https:\/\/studioicaro.neuromed.it\/wp-content\/uploads\/2024\/02\/iStock-1439793851-768x562.jpg\" class=\"attachment-medium_large size-medium_large wp-image-344\" alt=\"\" srcset=\"https:\/\/studioicaro.neuromed.it\/wp-content\/uploads\/2024\/02\/iStock-1439793851-768x562.jpg 768w, https:\/\/studioicaro.neuromed.it\/wp-content\/uploads\/2024\/02\/iStock-1439793851-300x219.jpg 300w, https:\/\/studioicaro.neuromed.it\/wp-content\/uploads\/2024\/02\/iStock-1439793851-1024x749.jpg 1024w, https:\/\/studioicaro.neuromed.it\/wp-content\/uploads\/2024\/02\/iStock-1439793851.jpg 1198w\" sizes=\"(max-width: 768px) 100vw, 768px\" \/><\/div>\n\t\t<\/a>\n\t\t\t\t<div class=\"elementor-post__text\">\n\t\t\t\t<h1 class=\"elementor-post__title\">\n\t\t\t<a href=\"https:\/\/studioicaro.neuromed.it\/index.php\/2024\/03\/04\/secondo-post\/\" >\n\t\t\t\tSecondo post\t\t\t<\/a>\n\t\t<\/h1>\n\t\t\t\t<div class=\"elementor-post__meta-data\">\n\t\t\t\t\t<span class=\"elementor-post-date\">\n\t\t\t4 Marzo 2024\t\t<\/span>\n\t\t\t\t<span class=\"elementor-post-avatar\">\n\t\t\tNessun commento\t\t<\/span>\n\t\t\t\t<\/div>\n\t\t\t\t<div class=\"elementor-post__excerpt\">\n\t\t\t<p>Lorem Ipsum&nbsp;\u00e8 un testo segnaposto utilizzato nel settore della tipografia e della stampa. Lorem Ipsum \u00e8 considerato il testo segnaposto standard sin dal sedicesimo secolo,<\/p>\n\t\t<\/div>\n\t\t\n\t\t<a class=\"elementor-post__read-more\" href=\"https:\/\/studioicaro.neuromed.it\/index.php\/2024\/03\/04\/secondo-post\/\" aria-label=\"Read more about Secondo post\" tabindex=\"-1\" >\n\t\t\tLeggi Tutto \u00bb\t\t<\/a>\n\n\t\t\t\t<\/div>\n\t\t\t\t<\/article>\n\t\t\t\t<article class=\"elementor-post elementor-grid-item post-1 post type-post status-publish format-standard has-post-thumbnail hentry category-pubblicazioni\">\n\t\t\t\t<a class=\"elementor-post__thumbnail__link\" href=\"https:\/\/studioicaro.neuromed.it\/index.php\/2024\/01\/20\/ciao-mondo\/\" tabindex=\"-1\" >\n\t\t\t<div class=\"elementor-post__thumbnail\"><img loading=\"lazy\" decoding=\"async\" width=\"768\" height=\"512\" src=\"https:\/\/studioicaro.neuromed.it\/wp-content\/uploads\/2024\/02\/iStock-943855384-768x512.jpg\" class=\"attachment-medium_large size-medium_large wp-image-340\" alt=\"\" srcset=\"https:\/\/studioicaro.neuromed.it\/wp-content\/uploads\/2024\/02\/iStock-943855384-768x512.jpg 768w, https:\/\/studioicaro.neuromed.it\/wp-content\/uploads\/2024\/02\/iStock-943855384-300x200.jpg 300w, https:\/\/studioicaro.neuromed.it\/wp-content\/uploads\/2024\/02\/iStock-943855384-1024x683.jpg 1024w, https:\/\/studioicaro.neuromed.it\/wp-content\/uploads\/2024\/02\/iStock-943855384.jpg 1254w\" sizes=\"(max-width: 768px) 100vw, 768px\" \/><\/div>\n\t\t<\/a>\n\t\t\t\t<div class=\"elementor-post__text\">\n\t\t\t\t<h1 class=\"elementor-post__title\">\n\t\t\t<a href=\"https:\/\/studioicaro.neuromed.it\/index.php\/2024\/01\/20\/ciao-mondo\/\" >\n\t\t\t\tCiao mondo!\t\t\t<\/a>\n\t\t<\/h1>\n\t\t\t\t<div class=\"elementor-post__meta-data\">\n\t\t\t\t\t<span class=\"elementor-post-date\">\n\t\t\t20 Gennaio 2024\t\t<\/span>\n\t\t\t\t<span class=\"elementor-post-avatar\">\n\t\t\t1 commento\t\t<\/span>\n\t\t\t\t<\/div>\n\t\t\t\t<div class=\"elementor-post__excerpt\">\n\t\t\t<p>Ti diamo il benvenuto in WordPress. Questo \u00e8 il tuo primo articolo. Modificalo o eliminalo e quindi inizia a scrivere!<\/p>\n\t\t<\/div>\n\t\t\n\t\t<a class=\"elementor-post__read-more\" href=\"https:\/\/studioicaro.neuromed.it\/index.php\/2024\/01\/20\/ciao-mondo\/\" aria-label=\"Read more about Ciao mondo!\" tabindex=\"-1\" >\n\t\t\tLeggi Tutto \u00bb\t\t<\/a>\n\n\t\t\t\t<\/div>\n\t\t\t\t<\/article>\n\t\t\t\t<\/div>\n\t\t\n\t\t\t\t<\/div>\n\t\t\t\t<\/div>\n\t\t\t\t\t<\/div>\n\t\t\t\t<\/div>\n\t\t\t\t<\/div>\n\t\t","protected":false},"excerpt":{"rendered":"<p>Ultime notizie&#8230;.<\/p>\n","protected":false},"author":1,"featured_media":0,"parent":0,"menu_order":0,"comment_status":"closed","ping_status":"closed","template":"","meta":{"footnotes":""},"class_list":["post-357","page","type-page","status-publish","hentry"],"_links":{"self":[{"href":"https:\/\/studioicaro.neuromed.it\/index.php\/wp-json\/wp\/v2\/pages\/357","targetHints":{"allow":["GET"]}}],"collection":[{"href":"https:\/\/studioicaro.neuromed.it\/index.php\/wp-json\/wp\/v2\/pages"}],"about":[{"href":"https:\/\/studioicaro.neuromed.it\/index.php\/wp-json\/wp\/v2\/types\/page"}],"author":[{"embeddable":true,"href":"https:\/\/studioicaro.neuromed.it\/index.php\/wp-json\/wp\/v2\/users\/1"}],"replies":[{"embeddable":true,"href":"https:\/\/studioicaro.neuromed.it\/index.php\/wp-json\/wp\/v2\/comments?post=357"}],"version-history":[{"count":14,"href":"https:\/\/studioicaro.neuromed.it\/index.php\/wp-json\/wp\/v2\/pages\/357\/revisions"}],"predecessor-version":[{"id":428,"href":"https:\/\/studioicaro.neuromed.it\/index.php\/wp-json\/wp\/v2\/pages\/357\/revisions\/428"}],"wp:attachment":[{"href":"https:\/\/studioicaro.neuromed.it\/index.php\/wp-json\/wp\/v2\/media?parent=357"}],"curies":[{"name":"wp","href":"https:\/\/api.w.org\/{rel}","templated":true}]}}